{"id":92,"date":"2025-04-19T15:50:06","date_gmt":"2025-04-19T13:50:06","guid":{"rendered":"https:\/\/lestresorsdekaia.com\/?post_type=product&#038;p=92"},"modified":"2025-04-20T11:06:10","modified_gmt":"2025-04-20T09:06:10","slug":"lotus","status":"publish","type":"product","link":"https:\/\/lestresorsdekaia.com\/index.php\/produit\/lotus\/","title":{"rendered":"Lotus"},"content":{"rendered":"<p><span data-sheets-root=\"1\">Invitez la s\u00e9r\u00e9nit\u00e9 et l&rsquo;harmonie dans votre int\u00e9rieur avec ce magnifique collier papou, une cr\u00e9ation artisanale balinaise empreinte de douceur et de po\u00e9sie.<br \/>\nSes couleurs d\u00e9licates et ses motifs inspir\u00e9s de la nature apporteront une touche de charme exotique et de s\u00e9r\u00e9nit\u00e9 \u00e0 votre espace.<\/span><\/p>\n","protected":false},"excerpt":{"rendered":"<p>Invitez la s\u00e9r\u00e9nit\u00e9 et l&rsquo;harmonie dans votre int\u00e9rieur avec ce magnifique collier papou, une cr\u00e9ation artisanale balinaise empreinte de douceur et de po\u00e9sie. Ses couleurs d\u00e9licates et ses motifs inspir\u00e9s de la nature apporteront une touche de charme exotique et de s\u00e9r\u00e9nit\u00e9 \u00e0 votre espace.<\/p>\n","protected":false},"featured_media":107,"comment_status":"open","ping_status":"closed","template":"","meta":[],"product_brand":[18],"product_cat":[23,28],"product_tag":[21],"class_list":{"0":"post-92","1":"product","2":"type-product","3":"status-publish","4":"has-post-thumbnail","6":"product_brand-nur","7":"product_cat-collier-papou","8":"product_cat-coquillage","9":"product_tag-collier-papou","11":"first","12":"instock","13":"shipping-taxable","14":"purchasable","15":"product-type-simple"},"jetpack_sharing_enabled":true,"_links":{"self":[{"href":"https:\/\/lestresorsdekaia.com\/index.php\/wp-json\/wp\/v2\/product\/92","targetHints":{"allow":["GET"]}}],"collection":[{"href":"https:\/\/lestresorsdekaia.com\/index.php\/wp-json\/wp\/v2\/product"}],"about":[{"href":"https:\/\/lestresorsdekaia.com\/index.php\/wp-json\/wp\/v2\/types\/product"}],"replies":[{"embeddable":true,"href":"https:\/\/lestresorsdekaia.com\/index.php\/wp-json\/wp\/v2\/comments?post=92"}],"wp:featuredmedia":[{"embeddable":true,"href":"https:\/\/lestresorsdekaia.com\/index.php\/wp-json\/wp\/v2\/media\/107"}],"wp:attachment":[{"href":"https:\/\/lestresorsdekaia.com\/index.php\/wp-json\/wp\/v2\/media?parent=92"}],"wp:term":[{"taxonomy":"product_brand","embeddable":true,"href":"https:\/\/lestresorsdekaia.com\/index.php\/wp-json\/wp\/v2\/product_brand?post=92"},{"taxonomy":"product_cat","embeddable":true,"href":"https:\/\/lestresorsdekaia.com\/index.php\/wp-json\/wp\/v2\/product_cat?post=92"},{"taxonomy":"product_tag","embeddable":true,"href":"https:\/\/lestresorsdekaia.com\/index.php\/wp-json\/wp\/v2\/product_tag?post=92"}],"curies":[{"name":"wp","href":"https:\/\/api.w.org\/{rel}","templated":true}]}}