{"id":222,"date":"2025-05-30T07:31:52","date_gmt":"2025-05-30T05:31:52","guid":{"rendered":"https:\/\/lestresorsdekaia.com\/?post_type=product&#038;p=222"},"modified":"2025-05-30T13:53:59","modified_gmt":"2025-05-30T11:53:59","slug":"bol-a-rebords-ondules","status":"publish","type":"product","link":"https:\/\/lestresorsdekaia.com\/index.php\/produit\/bol-a-rebords-ondules\/","title":{"rendered":"Bol \u00e0 rebords Ondul\u00e9s"},"content":{"rendered":"<p><span data-sheets-root=\"1\">Apportez une touche d&rsquo;originalit\u00e9 \u00e0 votre table avec ce bol en teck, enti\u00e8rement fa\u00e7onn\u00e9 \u00e0 la main.<br \/>\nSon rebord ondul\u00e9 et son design unique en font une pi\u00e8ce d&rsquo;exception.<\/span><\/p>\n<p>(La couleur des objets en bois est naturellement variable en fonction de l&rsquo;essence de l&rsquo;arbre, de son \u00e2ge et de son environnement de croissance.)<\/p>\n<p>Le bois de teck se lave \u00e0 la main avec du liquide vaisselle courant (pas de lave-vaisselle) et s&rsquo;entretient avec un chiffon microfibre et une huile neutre comme celle de p\u00e9pins de raisin ou de tournesol.<\/p>\n","protected":false},"excerpt":{"rendered":"<p>Apportez une touche d&rsquo;originalit\u00e9 \u00e0 votre table avec ce bol en teck, enti\u00e8rement fa\u00e7onn\u00e9 \u00e0 la main. Son rebord ondul\u00e9 et son design unique en font une pi\u00e8ce d&rsquo;exception. (La couleur des objets en bois est naturellement variable en fonction de l&rsquo;essence de l&rsquo;arbre, de son \u00e2ge et de son environnement de croissance.) Le bois [&hellip;]<\/p>\n","protected":false},"featured_media":223,"comment_status":"open","ping_status":"closed","template":"","meta":[],"product_brand":[20],"product_cat":[27,26],"product_tag":[],"class_list":{"0":"post-222","1":"product","2":"type-product","3":"status-publish","4":"has-post-thumbnail","6":"product_brand-gayakayuku","7":"product_cat-teck","8":"product_cat-vaisselle","10":"first","11":"instock","12":"shipping-taxable","13":"purchasable","14":"product-type-simple"},"jetpack_sharing_enabled":true,"_links":{"self":[{"href":"https:\/\/lestresorsdekaia.com\/index.php\/wp-json\/wp\/v2\/product\/222","targetHints":{"allow":["GET"]}}],"collection":[{"href":"https:\/\/lestresorsdekaia.com\/index.php\/wp-json\/wp\/v2\/product"}],"about":[{"href":"https:\/\/lestresorsdekaia.com\/index.php\/wp-json\/wp\/v2\/types\/product"}],"replies":[{"embeddable":true,"href":"https:\/\/lestresorsdekaia.com\/index.php\/wp-json\/wp\/v2\/comments?post=222"}],"wp:featuredmedia":[{"embeddable":true,"href":"https:\/\/lestresorsdekaia.com\/index.php\/wp-json\/wp\/v2\/media\/223"}],"wp:attachment":[{"href":"https:\/\/lestresorsdekaia.com\/index.php\/wp-json\/wp\/v2\/media?parent=222"}],"wp:term":[{"taxonomy":"product_brand","embeddable":true,"href":"https:\/\/lestresorsdekaia.com\/index.php\/wp-json\/wp\/v2\/product_brand?post=222"},{"taxonomy":"product_cat","embeddable":true,"href":"https:\/\/lestresorsdekaia.com\/index.php\/wp-json\/wp\/v2\/product_cat?post=222"},{"taxonomy":"product_tag","embeddable":true,"href":"https:\/\/lestresorsdekaia.com\/index.php\/wp-json\/wp\/v2\/product_tag?post=222"}],"curies":[{"name":"wp","href":"https:\/\/api.w.org\/{rel}","templated":true}]}}