{"id":204,"date":"2025-05-30T07:04:14","date_gmt":"2025-05-30T05:04:14","guid":{"rendered":"https:\/\/lestresorsdekaia.com\/?post_type=product&#038;p=204"},"modified":"2025-05-30T19:52:28","modified_gmt":"2025-05-30T17:52:28","slug":"vase-asymetrique","status":"publish","type":"product","link":"https:\/\/lestresorsdekaia.com\/index.php\/produit\/vase-asymetrique\/","title":{"rendered":"Vase Asym\u00e9trique"},"content":{"rendered":"<p><span data-sheets-root=\"1\">Invitez l&rsquo;esprit de Bali dans votre int\u00e9rieur avec ce magnifique gros vase en Teck, enti\u00e8rement sculpt\u00e9 \u00e0 la main par des artisans Balinais.<br \/>\nSon allure majestueuse et son veinage exotique apporteront une touche d&rsquo;\u00e9vasion \u00e0 votre d\u00e9coration.<\/span><\/p>\n<p>(La couleur des objets en bois est naturellement variable en fonction de l&rsquo;essence de l&rsquo;arbre, de son \u00e2ge et de son environnement de croissance.)<\/p>\n<p>Le bois de teck se lave \u00e0 la main avec du liquide vaisselle courant (pas de lave-vaisselle) et s&rsquo;entretient avec un chiffon microfibre et une huile neutre comme celle de p\u00e9pins de raisin ou de tournesol.<\/p>\n","protected":false},"excerpt":{"rendered":"<p>Invitez l&rsquo;esprit de Bali dans votre int\u00e9rieur avec ce magnifique gros vase en Teck, enti\u00e8rement sculpt\u00e9 \u00e0 la main par des artisans Balinais. Son allure majestueuse et son veinage exotique apporteront une touche d&rsquo;\u00e9vasion \u00e0 votre d\u00e9coration. (La couleur des objets en bois est naturellement variable en fonction de l&rsquo;essence de l&rsquo;arbre, de son \u00e2ge [&hellip;]<\/p>\n","protected":false},"featured_media":205,"comment_status":"open","ping_status":"closed","template":"","meta":[],"product_brand":[20],"product_cat":[27,32],"product_tag":[],"class_list":{"0":"post-204","1":"product","2":"type-product","3":"status-publish","4":"has-post-thumbnail","6":"product_brand-gayakayuku","7":"product_cat-teck","8":"product_cat-vase","10":"first","11":"instock","12":"shipping-taxable","13":"purchasable","14":"product-type-simple"},"jetpack_sharing_enabled":true,"_links":{"self":[{"href":"https:\/\/lestresorsdekaia.com\/index.php\/wp-json\/wp\/v2\/product\/204","targetHints":{"allow":["GET"]}}],"collection":[{"href":"https:\/\/lestresorsdekaia.com\/index.php\/wp-json\/wp\/v2\/product"}],"about":[{"href":"https:\/\/lestresorsdekaia.com\/index.php\/wp-json\/wp\/v2\/types\/product"}],"replies":[{"embeddable":true,"href":"https:\/\/lestresorsdekaia.com\/index.php\/wp-json\/wp\/v2\/comments?post=204"}],"wp:featuredmedia":[{"embeddable":true,"href":"https:\/\/lestresorsdekaia.com\/index.php\/wp-json\/wp\/v2\/media\/205"}],"wp:attachment":[{"href":"https:\/\/lestresorsdekaia.com\/index.php\/wp-json\/wp\/v2\/media?parent=204"}],"wp:term":[{"taxonomy":"product_brand","embeddable":true,"href":"https:\/\/lestresorsdekaia.com\/index.php\/wp-json\/wp\/v2\/product_brand?post=204"},{"taxonomy":"product_cat","embeddable":true,"href":"https:\/\/lestresorsdekaia.com\/index.php\/wp-json\/wp\/v2\/product_cat?post=204"},{"taxonomy":"product_tag","embeddable":true,"href":"https:\/\/lestresorsdekaia.com\/index.php\/wp-json\/wp\/v2\/product_tag?post=204"}],"curies":[{"name":"wp","href":"https:\/\/api.w.org\/{rel}","templated":true}]}}