{"id":167,"date":"2025-04-20T11:20:00","date_gmt":"2025-04-20T09:20:00","guid":{"rendered":"https:\/\/lestresorsdekaia.com\/?post_type=product&#038;p=167"},"modified":"2025-04-20T11:20:00","modified_gmt":"2025-04-20T09:20:00","slug":"abu-abu","status":"publish","type":"product","link":"https:\/\/lestresorsdekaia.com\/index.php\/produit\/abu-abu\/","title":{"rendered":"Abu-Abu"},"content":{"rendered":"<p><span data-sheets-root=\"1\">Laissez-vous envo\u00fbter par la l\u00e9g\u00e8ret\u00e9 et la finesse de ce collier Papou mural.<br \/>\nSes plumes a\u00e9riennes et ses coquillages d\u00e9licats, assembl\u00e9s avec un savoir-faire ancestral, en font une pi\u00e8ce d&rsquo;exception pour sublimer votre int\u00e9rieur.<\/span><\/p>\n","protected":false},"excerpt":{"rendered":"<p>Laissez-vous envo\u00fbter par la l\u00e9g\u00e8ret\u00e9 et la finesse de ce collier Papou mural. Ses plumes a\u00e9riennes et ses coquillages d\u00e9licats, assembl\u00e9s avec un savoir-faire ancestral, en font une pi\u00e8ce d&rsquo;exception pour sublimer votre int\u00e9rieur.<\/p>\n","protected":false},"featured_media":145,"comment_status":"open","ping_status":"closed","template":"","meta":[],"product_brand":[18],"product_cat":[23,28],"product_tag":[],"class_list":{"0":"post-167","1":"product","2":"type-product","3":"status-publish","4":"has-post-thumbnail","6":"product_brand-nur","7":"product_cat-collier-papou","8":"product_cat-coquillage","10":"first","11":"instock","12":"shipping-taxable","13":"purchasable","14":"product-type-simple"},"jetpack_sharing_enabled":true,"_links":{"self":[{"href":"https:\/\/lestresorsdekaia.com\/index.php\/wp-json\/wp\/v2\/product\/167","targetHints":{"allow":["GET"]}}],"collection":[{"href":"https:\/\/lestresorsdekaia.com\/index.php\/wp-json\/wp\/v2\/product"}],"about":[{"href":"https:\/\/lestresorsdekaia.com\/index.php\/wp-json\/wp\/v2\/types\/product"}],"replies":[{"embeddable":true,"href":"https:\/\/lestresorsdekaia.com\/index.php\/wp-json\/wp\/v2\/comments?post=167"}],"wp:featuredmedia":[{"embeddable":true,"href":"https:\/\/lestresorsdekaia.com\/index.php\/wp-json\/wp\/v2\/media\/145"}],"wp:attachment":[{"href":"https:\/\/lestresorsdekaia.com\/index.php\/wp-json\/wp\/v2\/media?parent=167"}],"wp:term":[{"taxonomy":"product_brand","embeddable":true,"href":"https:\/\/lestresorsdekaia.com\/index.php\/wp-json\/wp\/v2\/product_brand?post=167"},{"taxonomy":"product_cat","embeddable":true,"href":"https:\/\/lestresorsdekaia.com\/index.php\/wp-json\/wp\/v2\/product_cat?post=167"},{"taxonomy":"product_tag","embeddable":true,"href":"https:\/\/lestresorsdekaia.com\/index.php\/wp-json\/wp\/v2\/product_tag?post=167"}],"curies":[{"name":"wp","href":"https:\/\/api.w.org\/{rel}","templated":true}]}}