{"id":166,"date":"2025-04-20T11:18:42","date_gmt":"2025-04-20T09:18:42","guid":{"rendered":"https:\/\/lestresorsdekaia.com\/?post_type=product&#038;p=166"},"modified":"2025-04-20T11:18:42","modified_gmt":"2025-04-20T09:18:42","slug":"matahari","status":"publish","type":"product","link":"https:\/\/lestresorsdekaia.com\/index.php\/produit\/matahari\/","title":{"rendered":"Matahari"},"content":{"rendered":"<p><span data-sheets-root=\"1\">Cr\u00e9ez une atmosph\u00e8re chaleureuse et authentique dans votre int\u00e9rieur avec ce collier Papou mural.<br \/>\nLes coquillages naturels et le raphia tress\u00e9 \u00e0 la main, dans une palette de couleurs chaudes, \u00e9voquent les traditions ancestrales de Bali.<\/span><\/p>\n","protected":false},"excerpt":{"rendered":"<p>Cr\u00e9ez une atmosph\u00e8re chaleureuse et authentique dans votre int\u00e9rieur avec ce collier Papou mural. Les coquillages naturels et le raphia tress\u00e9 \u00e0 la main, dans une palette de couleurs chaudes, \u00e9voquent les traditions ancestrales de Bali.<\/p>\n","protected":false},"featured_media":130,"comment_status":"open","ping_status":"closed","template":"","meta":[],"product_brand":[18],"product_cat":[23,28],"product_tag":[],"class_list":{"0":"post-166","1":"product","2":"type-product","3":"status-publish","4":"has-post-thumbnail","6":"product_brand-nur","7":"product_cat-collier-papou","8":"product_cat-coquillage","10":"first","11":"instock","12":"shipping-taxable","13":"purchasable","14":"product-type-simple"},"jetpack_sharing_enabled":true,"_links":{"self":[{"href":"https:\/\/lestresorsdekaia.com\/index.php\/wp-json\/wp\/v2\/product\/166","targetHints":{"allow":["GET"]}}],"collection":[{"href":"https:\/\/lestresorsdekaia.com\/index.php\/wp-json\/wp\/v2\/product"}],"about":[{"href":"https:\/\/lestresorsdekaia.com\/index.php\/wp-json\/wp\/v2\/types\/product"}],"replies":[{"embeddable":true,"href":"https:\/\/lestresorsdekaia.com\/index.php\/wp-json\/wp\/v2\/comments?post=166"}],"wp:featuredmedia":[{"embeddable":true,"href":"https:\/\/lestresorsdekaia.com\/index.php\/wp-json\/wp\/v2\/media\/130"}],"wp:attachment":[{"href":"https:\/\/lestresorsdekaia.com\/index.php\/wp-json\/wp\/v2\/media?parent=166"}],"wp:term":[{"taxonomy":"product_brand","embeddable":true,"href":"https:\/\/lestresorsdekaia.com\/index.php\/wp-json\/wp\/v2\/product_brand?post=166"},{"taxonomy":"product_cat","embeddable":true,"href":"https:\/\/lestresorsdekaia.com\/index.php\/wp-json\/wp\/v2\/product_cat?post=166"},{"taxonomy":"product_tag","embeddable":true,"href":"https:\/\/lestresorsdekaia.com\/index.php\/wp-json\/wp\/v2\/product_tag?post=166"}],"curies":[{"name":"wp","href":"https:\/\/api.w.org\/{rel}","templated":true}]}}