{"id":161,"date":"2025-04-20T11:12:42","date_gmt":"2025-04-20T09:12:42","guid":{"rendered":"https:\/\/lestresorsdekaia.com\/?post_type=product&#038;p=161"},"modified":"2025-05-30T20:03:07","modified_gmt":"2025-05-30T18:03:07","slug":"balinais-nature","status":"publish","type":"product","link":"https:\/\/lestresorsdekaia.com\/index.php\/produit\/balinais-nature\/","title":{"rendered":"Bulan"},"content":{"rendered":"<p><span data-sheets-root=\"1\">Laissez la magie de Bali s&rsquo;inviter chez vous avec ce miroir unique, o\u00f9 l&rsquo;artisanat ancestral rencontre l&rsquo;\u00e9l\u00e9gance naturelle.<br \/>\nConfectionn\u00e9 avec passion par des artisans balinais, ce miroir est une ode \u00e0 la beaut\u00e9 brute, m\u00ealant la chaleur du raphia \u00e0 la symbolique sacr\u00e9e des coquillages cauris.<\/span><\/p>\n","protected":false},"excerpt":{"rendered":"<p>Laissez la magie de Bali s&rsquo;inviter chez vous avec ce miroir unique, o\u00f9 l&rsquo;artisanat ancestral rencontre l&rsquo;\u00e9l\u00e9gance naturelle. Confectionn\u00e9 avec passion par des artisans balinais, ce miroir est une ode \u00e0 la beaut\u00e9 brute, m\u00ealant la chaleur du raphia \u00e0 la symbolique sacr\u00e9e des coquillages cauris.<\/p>\n","protected":false},"featured_media":134,"comment_status":"open","ping_status":"closed","template":"","meta":[],"product_brand":[18],"product_cat":[25],"product_tag":[],"class_list":{"0":"post-161","1":"product","2":"type-product","3":"status-publish","4":"has-post-thumbnail","6":"product_brand-nur","7":"product_cat-miroir","9":"first","10":"outofstock","11":"shipping-taxable","12":"purchasable","13":"product-type-simple"},"jetpack_sharing_enabled":true,"_links":{"self":[{"href":"https:\/\/lestresorsdekaia.com\/index.php\/wp-json\/wp\/v2\/product\/161","targetHints":{"allow":["GET"]}}],"collection":[{"href":"https:\/\/lestresorsdekaia.com\/index.php\/wp-json\/wp\/v2\/product"}],"about":[{"href":"https:\/\/lestresorsdekaia.com\/index.php\/wp-json\/wp\/v2\/types\/product"}],"replies":[{"embeddable":true,"href":"https:\/\/lestresorsdekaia.com\/index.php\/wp-json\/wp\/v2\/comments?post=161"}],"wp:featuredmedia":[{"embeddable":true,"href":"https:\/\/lestresorsdekaia.com\/index.php\/wp-json\/wp\/v2\/media\/134"}],"wp:attachment":[{"href":"https:\/\/lestresorsdekaia.com\/index.php\/wp-json\/wp\/v2\/media?parent=161"}],"wp:term":[{"taxonomy":"product_brand","embeddable":true,"href":"https:\/\/lestresorsdekaia.com\/index.php\/wp-json\/wp\/v2\/product_brand?post=161"},{"taxonomy":"product_cat","embeddable":true,"href":"https:\/\/lestresorsdekaia.com\/index.php\/wp-json\/wp\/v2\/product_cat?post=161"},{"taxonomy":"product_tag","embeddable":true,"href":"https:\/\/lestresorsdekaia.com\/index.php\/wp-json\/wp\/v2\/product_tag?post=161"}],"curies":[{"name":"wp","href":"https:\/\/api.w.org\/{rel}","templated":true}]}}